the prime factors of m.
2, 11, 19
Let p be (2 - 20/8)*-166. Suppose 3*v + v - 89 = -5*w, -2*v = -5*w + p. List the prime factors of w.
17
Let f = 1182 + -709. What are the prime factors of f?
11, 43
Let q(z) = -z**3 - 17*z**2 - 15*z + 34. Let k be q(-16). Let j(x) = 14*x + 37. List the prime factors of j(k).
17
Let j = -25 - -22. List the prime factors of -1 + -1 + 43 - j.
2, 11
Let r(w) = -2*w**2 - 32*w + 24. Let y(v) = v - 1. Let c(f) = -r(f) - 10*y(f). List the prime factors of c(6).
2, 5, 19
Let q = -10 - -13. Suppose 1 = q*u - 104. Suppose -u - 271 = -6*i. List the prime factors of i.
3, 17
Let l = 41 - 14. Let z = l + -23. List the prime factors of z.
2
Suppose -44071 = -42*i + 82097. What are the prime factors of i?
2, 751
List the prime factors of (-15)/45*(-111)/1.
37
Let u(o) = -o**3 - 13*o**2 - 26*o - 2. List the prime factors of u(-16).
2, 3, 197
Let h(r) = 9*r - 61. Let o be h(12). Let j = o - 37. List the prime factors of j.
2, 5
Let g be (-4)/(-24) - (-1 - 69/18). Suppose g*h = -140 + 910. List the prime factors of h.
2, 7, 11
Let a(m) be the first derivative of -m**4/4 + 10*m**3/3 - 11*m**2/2 + 14*m - 2. What are the prime factors of a(8)?
2, 3
Let b = 1566 + -1379. What are the prime factors of b?
11, 17
Let l = -1 + -14. Let z = -13 - l. Suppose -q + 16 = z*y, -86 = -5*q - 5*y + y. List the prime factors of q.
2, 3
Suppose 5*y = f + 3371, y + 0*f - 679 = 5*f. List the prime factors of y.
2, 337
Let f be (54/27)/((-4)/(-1466)). Suppose 0*w - w + 251 = 5*x, 5*x = 3*w - f. What are the prime factors of w?
2, 3, 41
Suppose -485 = -2*m - 23. What are the prime factors of m?
3, 7, 11
Let r(i) = -13*i + 9. Let l(n) = 12*n - 7. Let v(s) = 4*l(s) + 3*r(s). Let d = 9 + -6. List the prime factors of v(d).
2, 13
Let s = 25 + -20. Let q = 88 - 53. Suppose 0*c + q = s*c. List the prime factors of c.
7
Suppose 18 - 6 = 4*a. Suppose -354 = a*d - 5*d. What are the prime factors of d?
3, 59
Let b = 0 + 2. Suppose 2*n - 7*n = -130. Suppose -b*s + 44 = -n. What are the prime factors of s?
5, 7
Suppose 4*w - 2644 = -2*r, -5*w - 5*r + 3641 - 331 = 0. List the prime factors of w.
2, 3, 5, 11
Let z(b) = -2*b**2 - 12*b - 7. Let w be z(-8). Let h = w - -111. What are the prime factors of h?
2, 3
Let v = -30 - -25. Let b(p) = 19*p**3 + 5*p**2 + 3*p + 4. Let d(q) = -9*q**3 - 2*q**2 - q - 2. Let t(k) = v*d(k) - 2*b(k). List the prime factors of t(2).
2, 7
Let s(b) = -b**2 + 8*b + 4. Let q be s(8). Suppose 0 = q*p + 5 + 7. What are the prime factors of (1 + 5)/(p/(-2))?
2
Suppose -14421 + 1737 = -7*y. What are the prime factors of y?
2, 3, 151
List the prime factors of 19252/8 - -2 - 3/2.
29, 83
Let j be -38*5/(40/(-36)). Let a = j + -36. What are the prime factors of a?
3, 5
Let n(v) = -5*v**2 + 9*v + 29. Let w(p) = 2*p**2 - 5*p - 14. Let g(j) = -4*n(j) - 9*w(j). Let c be g(-5). List the prime factors of (12/c)/(10/25).
2
Suppose -3*j + 4*p - 44 = 6, -4*p = -4*j - 64. Let x be 4/(-14) - 18/j. List the prime factors of (-8)/(-6)*12*x.
2
Suppose -5*m + 1774 = -571. List the prime factors of m.
7, 67
Let v(t) = -5*t. Let m be v(0). Suppose 3*j - 89 - 49 = m. What are the prime factors of j?
2, 23
Let x = -61 + 69. What are the prime factors of ((-44)/x - -2)*-62?
7, 31
Let x(f) = -f**2 + 59*f + 191. List the prime factors of x(43).
3, 293
Let w = 280 - 180. Let z = 40 - w. Let y = -5 - z. List the prime factors of y.
5, 11
Let m = 1070 - 199. What are the prime factors of m?
13, 67
Let o = 998 - 300. List the prime factors of o.
2, 349
Let v(i) = i + 7. Let u be v(-13). Let z = -10 - u. Let m = z - -6. List the prime factors of m.
2
Let k(o) = o**3 - o**2 + o. Let r be k(0). Suppose -3*q + 126 = 3*c, -3*c + 80 = -r*q + 2*q. List the prime factors of q.
2, 23
Let v(k) = 391*k + 20. List the prime factors of v(6).
2, 7, 13
Let c be 4/3 + (-396)/(-108). Suppose -444 = -2*n - 3*s, s = 2*n - c*n + 680. List the prime factors of n.
2, 3, 19
Suppose 2*s - 627 = 5*y + 131, 0 = 2*y - 5*s + 299. Let n = y - -217. What are the prime factors of n?
5, 13
What are the prime factors of 11675/10 + (0 - (-3)/2)?
7, 167
Let z(j) = -4*j - 6. Let r be z(-2). Suppose 0 = 3*q, 3*u = -r*u + q + 410. What are the prime factors of u?
2, 41
Let v(k) = 4*k**2 + 4*k - 2. Let q be v(-2). What are the prime factors of 99 + 2 + q + -4?
103
Let p = 23 - -16. Suppose 0 = -4*n - 4*x - 4 + 136, n = x + p. What are the prime factors of n?
2, 3
Let w = -47 - -46. What are the prime factors of w*(-3 + -56) + -1?
2, 29
Let o(g) be the first derivative of -g**4/4 + 16*g**3/3 - 4*g**2 + 21*g - 26. What are the prime factors of o(15)?
2, 3, 7
Let p = 111 + 36. Suppose -2*b - 45 = -p. What are the prime factors of b?
3, 17
Let j(r) = -r**2 + 4*r - 30. Let k be j(21). What are the prime factors of (-3)/(-3) + k/(-1 - 2)?
2, 5, 13
Let o = 133 - 77. Let a = o + -27. Let f = 50 - a. What are the prime factors of f?
3, 7
Let l be (-1 + 3)/((-34)/187). Let m = l + 13. Suppose -m*i + 4*v - 5 + 127 = 0, v - 261 = -5*i. List the prime factors of i.
53
Let w be (1 + 20/(-16))/((-3)/60). Let k(l) be the third derivative of -l**6/120 + l**5/15 + l**4/3 - 2*l**3/3 + l**2. What are the prime factors of k(w)?
11
Suppose -65 = -4*o - 9*o. Suppose -3*h - 9 = 0, 5*h + 644 = o*i + 2*h. What are the prime factors of i?
127
Let c = 0 + 5. Suppose -c*p + 14 = -11. Suppose 7*d - 57 = 3*d - p*r, 3*d - 2*r = 60. What are the prime factors of d?
2, 3
Suppose 3*f = -2*f + 15. Let a be 1/(-2)*(f + -7). Suppose -a*w + 3*w = 4*z - 136, -4*w - 54 = -2*z. List the prime factors of z.
5, 7
Let y = 116 - 118. What are the prime factors of (8 + -5)*y/3 - -168?
2, 83
Let l = 16 - 29. Let c = l + 13. Suppose 2*w + 5*b - b - 58 = c, 5*w - 3*b = 197. List the prime factors of w.
37
What are the prime factors of 17217/18 + ((-5)/10 - -1)?
3, 11, 29
Let x = -11 - -107. What are the prime factors of x?
2, 3
Suppose w = 5*i + 2 - 6, 12 = -4*i. Let x = 41 + w. List the prime factors of x.
2, 11
Suppose 0 = n - 0 - 2. Let f(s) = 2 - s**2 - 3*s + n*s**2 - 13*s - 2*s**2. What are the prime factors of f(-9)?
5, 13
Suppose 2*g = 3*g - 19. Let z be (-76)/14 - 12/(-28). Let d = g - z. What are the prime factors of d?
2, 3
Suppose 21023 = 18*g - 32257. List the prime factors of g.
2, 5, 37
Let i(x) = -842*x**3 + x**2 + 3*x + 2. What are the prime factors of i(-1)?
2, 421
Let i = -9 - -12. Let a(y) = y - 1. Let g be a(i). Suppose -g*p - 42 = -3*p. List the prime factors of p.
2, 3, 7
Let v(s) be the second derivative of -s**4/12 - 2*s**3 - 5*s**2/2 + 11*s. List the prime factors of v(-10).
3, 5
Let b be (3 + 0/(-5))*1. Suppose 3*u + 86 = 4*j + 2*u, 3*j = b*u + 60. List the prime factors of j.
2, 11
Let t(j) = -j**2 + 5*j. Let h be t(4). What are the prime factors of (h/(-8) - 0)*-94?
47
Let u(i) = 11*i + 21. List the prime factors of u(21).
2, 3, 7
Suppose -4*n = -7*n. Suppose n = w - 12 + 5. Suppose -22 = -m + w. List the prime factors of m.
29
Let f = -9 - -11. Let g(x) = -x**2 + x + 4. Let k be g(0). Suppose 6 = k*d - f*d. List the prime factors of d.
3
Suppose 4*s - 20 = -2*x, -2*s + 2*x - 6*x + 16 = 0. Suppose s*c + 46 = 4*b - 30, 3*c + 37 = 2*b. List the prime factors of b.
2, 5
Let d(j) = 4*j**2 - 4*j. Let m be d(5). Let x be m/(-4 - -2) - 2. What are the prime factors of (-2177)/x - (-2)/12?
2, 13
Let x = 1148 + -544. List the prime factors of x.
2, 151
Let v(m) be the second derivative of m**3 - 5*m**2/2 + 8*m. What are the prime factors of v(11)?
61
Let r(b) = 137*b - 344. List the prime factors of r(13).
3, 479
Let h = 2 - 10. What are the prime factors of 176/(-4 - h) - 2?
2, 3, 7
List the prime factors of -2 - -215*(-3 - -12).
1933
Let b = -23 - -40. Suppose -4*x - 68 = -3*p, -3*x - 5*p = 5 + b. Let f = -5 - x. List the prime factors of f.
3
Suppose -4*d + 2*y - 226 = 0, d + y + 39 = 5*y. Let g = d - -102. List the prime factors of g.
43
Let q(u) = 11*u**2 - 12 - 6*u + 5*u + u + u**3. Let k be q(-11). List the prime factors of 2 - (-2 - -2) - k.
2, 7
Let j = 83 - 29. Let l = -2 + j. List the prime factors of l.
2, 13
Suppose 3*z + h - 23 = 6*h, 4 = -z + 4*h. Let q be 2*z + 1 + -3. Let u = 44 - q. List the prime factors of u.
2, 7
Let v be (-4)/(-6) + 20/6. Suppose 2*t = 4*t - v*x - 14, 2*t = -3*x + 7. Suppose -p - 5*w + 14 = 0, -p + 